(s) = -2*s**2 - 20*s - 15. Let l(h) = -3*b(h) - 2*j(h). Let t(w) = 5*l(w) + 6*y(w). Give t(4).
1
Let j(w) be the second derivative of w**4/12 + 8*w**3/3 + 32*w**2 - 235*w. Determine j(-10).
4
Let o(j) be the second derivative of -9/2*j**2 + 1/6*j**3 + 0 + 8*j. Let n be 15/12 + (-465)/(-60). Give o(n).
0
Suppose -3*u - 4*r = -25, 4*u - 5*r + 1097 - 1089 = 0. Let i(h) be the second derivative of 1/6*h**u + 0 - 11*h + 2*h**2. Determine i(5).
9
Let k(z) = 2*z + 2. Let u be k(5). Suppose -20 - u = -4*j. Let r(g) be the third derivative of g**4/24 - g**3/6 + 14008*g**2. What is r(j)?
7
Let r be (-2)/8 + 21/(-28). Let v be 21/(-2) + r/2. Let x(w) be the second derivative of -w**3/6 - 4*w**2 - 51*w. What is x(v)?
3
Let h(a) = 7*a. Let k be h(2). Suppose 2*y - 4*y - k = 0. Let u(p) be the second derivative of p**3/6 - 9*p**2/2 + 5*p. Give u(y).
-16
Let f(q) = 43*q + 13. Let b(j) = 68*j + 19. Let w be 160/64 - 11/(-2). Let m(v) = w*f(v) - 5*b(v). Determine m(-7).
-19
Let y = 14171 + -14171. Let n(u) be the second derivative of -11/3*u**3 + y*u**2 - 14*u + 0. Determine n(1).
-22
Let q(v) = 2 + 7*v + 6*v - 15*v - 26 - 16. Calculate q(-12).
-16
Let a(k) be the first derivative of -k**3/3 + k**2 - k - 7. Let r = 26 + -38. Let x be (-6)/15 - r/5*1. Calculate a(x).
-1
Let n(w) be the second derivative of -w**6/720 - 7*w**5/40 + w**4/2 + 4*w**2 - 35*w. Let x(c) be the third derivative of n(c). Give x(-14).
-7
Suppose -2*i + 17 = -3*l - 3*i, l - 5 = -3*i. Let u(m) be the second derivative of 1/6*m**3 - 43*m + 0 + 4*m**2. Calculate u(l).
1
Let v = -5 + 52. Suppose v = -6*u + 119. Suppose 30 = 6*p + u. Let w(h) = -h + 4. Give w(p).
1
Let y(o) = -11*o - 30*o**2 - 29*o + 359 - 810 + 349 + o**3 - 21*o. Calculate y(32).
-6
Let l(c) = -6*c**2 + c + 10. Let a(f) = -2*f + 2. Let y(z) = -6*a(z) + l(z). Let u(t) = 5*t**2 - 14*t + 3. Let s(g) = 3*u(g) + 2*y(g). What is s(5)?
0
Let k(d) = 3*d**2 + 669*d - 236*d + d**3 - 61 - 430*d - 24*d**2. Determine k(21).
2
Let w(p) = p**3 + 5*p**2 + 3*p - 5. Let i = 74 - 76. Let o be i/2 + (7 - (3 - 1)). Suppose o*n + n = -20. What is w(n)?
-1
Let u(p) = p**2 + 3*p + 1. Let l(n) = n**2 + 11*n - 3. Let g be l(-12). Suppose 180 = g*h - 14*h. Let f = h - -31. What is u(f)?
11
Let w = -26576 + 26578. Let d(a) = a**3 - 4*a**2 - 2*a + 1. Calculate d(w).
-11
Let z(x) be the third derivative of 39*x**2 + 0*x - 1/3*x**4 + 1/60*x**5 - 5/3*x**3 + 0. Let v = 16 - 8. Calculate z(v).
-10
Let d(q) be the second derivative of -q**5/20 + q**4/3 + 2*q**3/3 - 5*q**2 - 1243*q. Calculate d(3).
11
Let i(k) be the first derivative of k**2/2 - 17*k - 35. Let t be (-119)/(-9) + 22/(-99). Determine i(t).
-4
Let q(f) be the second derivative of 4*f**3 - 27*f**2 - 10190*f. Give q(3).
18
Let m(n) be the second derivative of n**5/20 + 7*n**4/12 + 5*n**3/6 - 6*n**2 + 351*n - 3. What is m(-5)?
13
Let r(z) = z**3 + 3*z**2 - 10*z + 5. Let g(s) = -14*s + 95. Let j be g(8). Let l(d) = 3*d**3 + 9*d**2 - 29*d + 15. Let k(y) = j*r(y) + 6*l(y). Give k(-4).
5
Let b(n) = -367 - 4*n + 2*n + 357 - n. Let u(i) = 2*i + 2. Let p(x) = b(x) + 5*u(x). Let z(r) = -r**2 + 3*r + 7. Let o be z(5). What is p(o)?
-21
Let z(u) = -u**3 + 9*u**2 - 8*u + 1. Let d be (-67)/(-5) + (-3)/(-5). Let j = d + -6. Let h be z(j). Let s(c) = 5*c**3 + c**2 - c. Determine s(h).
5
Let a(g) = 51*g - 70 - 61*g - 68 + 131. Determine a(-7).
63
Suppose -4*l + 8 = -3*s, l - 10 = -2*s - 4*l. Suppose 2*w - 4*b + 16 = 7*w, -5*w - 3*b + 12 = s. Let t(y) = -4*y**2 + w*y + y + 3*y**2 + 2. What is t(4)?
-10
Let h = 28182 + -28168. Let f(y) = 13*y - 167. What is f(h)?
15
Suppose 0 = -3*h - 0*h. Let w = 4 - h. Let p(y) = 141867805*y - 2*y**2 + y**2 - 141867800*y - 2. Determine p(w).
2
Let j(h) be the first derivative of 2/3*h**3 - 17 + 0*h - 1/2*h**2. Determine j(-1).
3
Suppose -n - 5*v = -1 - 3, -4*n + 4*v + 16 = 0. Suppose 0 = 10*r - 4 - 16. Let o(m) = -r*m - 3 + 1 + 3*m - 3. Calculate o(n).
-1
Let m = 0 - 1. Let a(c) = -c**2 - 1. Let v(l) = l**2. Let h(y) = -8*y**2 - 10*y - 6. Let n(t) = -h(t) - 2*v(t). Let q(k) = m*n(k) - 5*a(k). Determine q(-10).
-1
Suppose 0 = -143*s + 2214 - 7791. Let j(i) = i**3 + 39*i**2 + 2*i + 83. What is j(s)?
5
Let m(n) = 4*n + 65. Let d(u) = -2*u**2 - 159*u - 616. Let l be d(-4). What is m(l)?
17
Let c(h) = -353 - 20*h - 20*h + h**2 - 6 + h - 22. What is c(47)?
-5
Let l(a) be the second derivative of a**4/3 + 31*a**3/6 + 11*a**2/2 + 2933*a. What is l(-8)?
19
Let v(f) = -53*f**3 - f**2 + 13*f + 2. Let i(n) = -52*n**3 - n**2 + 17*n + 2. Let y(t) = 3*i(t) - 4*v(t). Calculate y(-1).
-56
Let s(p) be the second derivative of 8*p**3/3 + 3*p**2/2 - 308*p. What is s(-3)?
-45
Suppose 72 + 148 = -20*r. Let u be 9/(-4)*(-48)/9. Let v = r + u. Let h(k) = -k**3 - k**2 + k - 1. Calculate h(v).
-2
Suppose 9*w - 7*w = 8. Suppose -3*r + 0*s = -2*s + 14, w*r + 3*s + 30 = 0. Let h(n) = 173 - 3*n**2 - 172 + 4*n**2 + 7*n. What is h(r)?
-5
Suppose -18 = y - 5*b, -3*y - 113 = 3*b - 149. Let q(k) = -k**2 + 19*k - 87. Determine q(y).
-3
Let t(z) = z + z**2 + 2*z + 2*z + 5. Let b(d) = 2*d**2 - 2*d + 3. Let o be b(3). Suppose o = 74*g - 77*g. What is t(g)?
5
Let a be (-12)/9 - 44/(-6). Let y(d) = 9 - 3*d**3 - 7*d**2 - a*d + d + 5*d**3 - d**3. What is y(7)?
-26
Let n(s) = s**2 - 8*s + 6. Let y be (-3)/(-3) - 6/3*1. Let c(m) = 7*m**2 + 4*m + 2. Let v be c(y). What is n(v)?
-9
Let c(b) = -14*b - 20. Let r(n) = 83*n + 113. Let z(v) = -6*c(v) - r(v). Let i = -9 - -1. Calculate z(i).
-1
Let v(b) = -b**2 - 13*b - 18. Let p be 44/110 + -1*62/5. What is v(p)?
-6
Suppose 219 = 36*z - 33*z. Let h = z + -44. Suppose 0 = 5*l + 2*n - 48, 5*n - 15 = -3*l + h. Let x(s) = s**3 - 8*s**2 + 4*s - 11. What is x(l)?
21
Let j(a) = -3*a**3 - 14*a**2 + a + 4. Let o(d) = 4*d**3 + 17*d**2 - 5. Let l(g) = 5*j(g) + 4*o(g). What is l(0)?
0
Let j(p) = p**3 - 14*p**2 - 32*p + 6. Let s be j(16). Suppose 0 = -3*m + s, 9 + 75 = 2*c + 2*m. Let b = 45 - c. Let i(z) = 2*z + 3. Determine i(b).
13
Let c(v) = 7*v**3 - 304 + 330 - 6*v + 8*v**2 - v**2. Let g(n) = 6*n**3 + 6*n**2 - 5*n + 23. Let j(a) = 5*c(a) - 6*g(a). What is j(0)?
-8
Let y(k) = -51 + 0*k - 2*k - 2*k + 28 + 39. What is y(6)?
-8
Let i(y) be the first derivative of 5*y**2/2 - 2*y - 118. Give i(-1).
-7
Let s(o) = -o**3 - 11*o**2 - 11*o - 13. Let l(w) = 19*w**2 + 3*w + 7. Suppose 0 = -5*b + 2 - 12. Let y be l(b). Let i = -87 + y. Calculate s(i).
-3
Let w(x) = x**3 - 8*x**2 - 2*x - 3. Suppose 15*j - 4*q + 36 = 19*j, 3*j - 27 = -4*q. Determine w(j).
60
Let a(k) = k**2 + k + 1. Let x(z) = -4*z**2 + z - 5. Let r(q) = 3*a(q) + x(q). Let f(u) = -u**2 - 29*u + 33. Let c = 100 + -130. Let h be f(c). Give r(h).
1
Suppose 90*k = 93*k - 51. Let q(c) = c**2 - 13*c - 73. Calculate q(k).
-5
Let g(y) be the second derivative of -y**3/6 + y**2/2 - 6*y. Let c be g(0). Let z be c/7 + 7/(-49). Let m(j) = j**3 + j**2 - j - 4. Determine m(z).
-4
Suppose -5*d - 72 = -11*d. Let f(u) be the second derivative of u**3/3 - 25*u**2/2 + 610*u. Give f(d).
-1
Let p = -101 - -83. Let l(a) be the third derivative of a**5/60 + 17*a**4/24 - 25*a**3/6 - 40*a**2 + 3. Calculate l(p).
-7
Let l(z) = -13*z - 1. Let q(r) be the third derivative of -41*r**4/24 - 2*r**3/3 + 11*r**2. Let a(w) = 7*l(w) - 2*q(w). Calculate a(-3).
28
Suppose -6 = -j - 2. Let l(u) be the second derivative of -u**6/240 + u**5/120 + u**4/3 + 14*u. Let m(v) be the third derivative of l(v). Determine m(j).
-11
Let u be 1/(-2)*-1 + 7/(-14). Suppose -4*y + 4*b = 0, -4*y - 11*b + 16*b + 5 = u. Let v(h) = h**3 + 4*h**2 - 4*h - 5. Give v(y).
-10
Let o(l) = -5*l**2 - 3*l - 2. Let p be o(-1). Let i(k) = 2*k**2 + 11*k + 12. Let f be i(p). Let j(u) = -u**3 + u + 5. Give j(f).
5
Let q = -608 + 610. Let b(l) be the second derivative of 6*l + 1/10*l**5 - 1/4*l**4 + 1/2*l**2 + 0*l**3 + 0. What is b(q)?
5
Let f(y) = -y**2 - 12*y + 10. Suppose 194 = -83*d - 1468 + 334. Determine f(d).
-54
Let d(w) be the third derivative of w**6/120 - w**5/12 - w**4/8 + 5*w**3/6 - 17709*w**2. Suppose 0 = 3*o - 4*q - 3, -o = -2*q - q + 4. Determine d(o).
-10
Let j(d) be the second derivative of -d**5/20 + 7*d**4/12 - d**3/6 + 7*d**2/2 - 2*d. Suppose -3788*o = -3816*o + 196. What is j(o)?
0
Let q be (32/5)/(26/65). Let b be (-38)/6 - q/24. Let c(x) = 3*x - 4*x - x - 9 + x. Determine c(b).
-2
Let g